u + 54. Calculate the highest common factor of u and 54.
18
Let j = -9 - -28. Suppose i = 2*i - j. What is the greatest common factor of i and 209?
19
Suppose -5*t + 80 = -20. Calculate the greatest common divisor of 10 and t.
10
Suppose -4*q - 20 = 0, -4*q + 2 = h + h. Calculate the greatest common divisor of h and 1.
1
Let u(v) = 5*v + 7. Let y be u(5). Let z = -498 - -722. What is the greatest common factor of z and y?
32
Let v = -150 + 462. Suppose -260 = -4*j + v. What is the highest common divisor of 13 and j?
13
Let q be 246/21 - 4/(-14). Let w = 21 - q. What is the highest common divisor of 45 and w?
9
Let g(m) = -4*m**2 + 4 - 7 + 0 + 5*m**2. Let x be g(3). Suppose -5*n + 3*b = -138, 3*n + b = -0*b + 94. Calculate the highest common divisor of x and n.
6
Let g(d) = d**3 - d - 1. Let c be g(-1). Let x be 0/c + -1 - -21. Calculate the highest common factor of x and 20.
20
Suppose -k + 26 = 4*z, 0*z - z + 35 = 5*k. Calculate the highest common factor of k and 2.
2
Suppose 2*w + 2*w + 189 = 3*s, 0 = 2*w. Calculate the greatest common divisor of 9 and s.
9
Let o be (-4)/(-2) - (-5)/1. Let t be o/3 + 4/6. Suppose b - z - 25 = 0, 3*b - t*z - 70 = z. What is the highest common divisor of b and 5?
5
Suppose 2*k - 88 = 74. What is the greatest common factor of 9 and k?
9
Let z be 0 + 34 - (4 - 2). Suppose 0*j = -j + 4. What is the greatest common divisor of j and z?
4
Let b(y) = -3*y + 44. Let k be b(-12). Calculate the highest common factor of 20 and k.
20
Suppose 2*y - 30 = -3*y. Calculate the highest common divisor of y and 3.
3
Suppose 4*s = -6 - 14. Let d be s/(45/(-168))*3. What is the greatest common factor of 8 and d?
8
Let v = 3 + -4. Let x = -9 + v. Let h = x - -34. Calculate the greatest common factor of h and 16.
8
Suppose 3*p - o - 36 = 0, -5*o - 36 = -3*p - 0*p. Suppose 0 = -2*x - 4*u + 14, 3*x + 5*u = x + 16. Calculate the greatest common divisor of x and p.
3
Let n be 143/4 - (-6)/24. Calculate the highest common factor of n and 24.
12
Suppose -y + 2 + 1 = 0. Suppose -y*b - b + 352 = 0. Suppose 3*j + 14 = 47. What is the greatest common divisor of b and j?
11
Suppose -2*t - 5*k = -8, -2*t + 2*k + 25 = -11. Calculate the greatest common factor of t and 21.
7
Suppose 2*a = -l, 4*a + 4 = l - 5*l. Let r = -6 - a. Let f be (-121)/(-7) - (-2)/r. Calculate the greatest common factor of f and 187.
17
Let u = -24 - -26. Let q be (-5)/u*(-198)/5. What is the greatest common divisor of 11 and q?
11
Let r = 26 - 14. Let i(f) = -7*f - 5. Let y be i(-5). Calculate the highest common factor of y and r.
6
Let d(k) = -5*k - 17. Let s be d(-10). Calculate the greatest common divisor of 33 and s.
33
Let q = -2 - -6. Suppose q*g = 14 + 2. Calculate the highest common factor of 1 and g.
1
Let f = 5 + -3. Suppose 5*b = 4*d + 421, 2*b - 30 = f*d + 138. Suppose -3*l = -0*l - 102. Calculate the highest common factor of l and b.
17
Let h = -29 + 37. Calculate the highest common factor of h and 64.
8
Let r = 95 + -68. Suppose 3 + r = 5*h. Suppose 17 - 77 = -5*g. What is the greatest common divisor of h and g?
6
Suppose 0 = h + 4, -6*h = -o - h - 112. Let l be o*-3*1/4. What is the greatest common factor of l and 11?
11
Let z = 17 - 10. Suppose -3*r + 5 + 0 = 2*v, -4*v = -5*r + 1. Calculate the highest common factor of z and r.
1
Let i(x) = -x**3 + 7*x**2 + 5*x + 7. Let a be i(7). What is the highest common factor of a and 462?
42
Suppose -4*d = -3*w + 118, 4*w = -2*d + 229 - 57. Let b = 106 - w. Let g = -12 - -28. What is the highest common divisor of b and g?
16
Suppose 164 = 4*y - 3*c, 120 = -4*y + 7*y - 3*c. What is the highest common divisor of y and 110?
22
Suppose -4*t + 42 = -22. Calculate the greatest common divisor of 16 and t.
16
Suppose 2*j = j + 19. What is the highest common divisor of 19 and j?
19
Let y be (-32)/(-12)*(-2 + 5). Let u = y + -4. Suppose 14 = 3*f + 4*q - 9*q, -u*q + 46 = 2*f. Calculate the greatest common divisor of f and 26.
13
Let k be (54/(-24))/(2/(-32)). Let x be (-11)/((-2)/k*2). What is the highest common factor of x and 9?
9
Let s(o) = o**2 - 2*o + 3. Let b be s(2). Suppose -5*j = 0, 3*g + 2*j = b*j + 72. What is the greatest common factor of g and 16?
8
Let d be 51/(-2)*4/1. Suppose 2*f - 182 - 152 = 0. Let k = d + f. What is the highest common divisor of 13 and k?
13
Suppose 0 = 3*y + 5*d - 135, 5*y - 225 = -0*d + 2*d. Calculate the highest common divisor of 9 and y.
9
Let z = -9 - -9. Suppose -4*i + 112 = -z*i. What is the greatest common factor of i and 252?
28
Suppose -4*u = -4*i + 52, 4*i + 2*u + u = 38. Let o be ((-88)/(-1))/((-2)/(-2)). Calculate the highest common factor of o and i.
11
Let j = -22 - -37. What is the highest common factor of 3 and j?
3
Let y(d) be the third derivative of d**6/120 + 2*d**5/15 - 2*d**3/3 - 3*d**2. Let z be y(-4). Calculate the greatest common factor of z and 40.
20
Let n(d) = d**2 - d - 2. Let c be n(3). Calculate the highest common factor of c and 28.
4
Let g(r) = -r**3 + 5*r**2 - 2*r - 1. Let q be g(3). Suppose 108 + 68 = 8*o. What is the greatest common divisor of o and q?
11
Let n(o) = 5*o - 3. Let a be n(2). Let i(z) = -z**2 + 10*z + 10. Let r be i(a). Let p = r + -16. Calculate the highest common divisor of p and 45.
15
Suppose 5*j + 1 = 21. Suppose -2*l = -j*c - 12, l = 6*l + 3*c - 56. Suppose -2*z + l = 4. Calculate the highest common factor of 21 and z.
3
Let l be 9*(1 + 4/6). Suppose -v - 5*g + 111 = -2*g, 0 = 2*v + g - 237. What is the highest common factor of v and l?
15
Let u(i) = -i - 6. Let l be u(-6). Let j be -74 + 0 + (1 - l). Let s = j + 109. Calculate the highest common factor of s and 4.
4
Suppose 5*h + 33 = 3*v, 3*v + 27 = -h - 4*h. Let q = h - -17. Suppose -4*b - q = -3*p, 2*b - 4*p = -8 - 10. Calculate the highest common divisor of 3 and b.
1
Suppose 9*i = 11*i. Suppose -2*t + 0*t + 352 = i. Calculate the highest common factor of t and 16.
16
Suppose 2*a + 5*y - 7 + 17 = 0, 5*y = -20. Suppose -6*p + p + 25 = 0. Calculate the greatest common factor of a and p.
5
Let h(n) = n**2 - 6*n. Let r be h(6). Suppose -a + 18 = 4*z, -2*a + 15 = -r*a + z. Let p be a - (-2)/(-3)*3. Calculate the highest common divisor of p and 44.
4
Let s = -76 + 181. Let b be (168/(-16))/(2/(-4)). What is the highest common factor of b and s?
21
Let r = -13 - -43. Suppose a = 5*j - 78, 0*j - 5*j + 66 = 3*a. What is the highest common factor of r and j?
15
Let z be (-1)/(2*(-1)/4). Suppose 5*f - 4 = -d, 17 - 1 = 4*d + z*f. Let m = 39 + -7. What is the highest common factor of d and m?
4
Let g(r) = -r**3 - 2*r**2 + 3*r + 6. Let v be g(-4). Let x(z) = -z**3 + 7*z**2 + 2. Let a be x(5). Calculate the highest common divisor of v and a.
26
Suppose 4*f = -0 + 4. What is the greatest common divisor of f and 11?
1
Let g(s) = 3*s**2 + 5*s + 8. Let z be g(-2). Let k be (0 - (-1 - -1))/2. Suppose k = 4*x, -3*u + 2*x = x - 330. Calculate the highest common factor of z and u.
10
Let c be (-11)/(-3)*(-168)/(-8). Let j be (1 + 0)/(1/7). Calculate the highest common factor of j and c.
7
Let g = -725 + 1110. Suppose 5*q = 140 + g. Suppose -u - 4*u + 75 = 0. What is the greatest common divisor of u and q?
15
Let q(l) = -71*l**3 - 2*l**2 - l. Let j be q(-1). Suppose -53*m = -52*m - 28. Calculate the greatest common divisor of j and m.
14
Let t(a) = 22*a**2 - a. Let z be t(1). Let j = -37 + z. Let o = j - -28. What is the highest common factor of 3 and o?
3
Let z = -211 + 112. Let h be (-9)/(7 - 4) - z. What is the highest common divisor of h and 16?
16
Let y = -11 + 46. Calculate the greatest common divisor of y and 14.
7
Suppose -3*c = 4*m + 701, 0*m + 356 = -2*m + 4*c. Let q = m - -332. Suppose -b = -4*b + q. What is the highest common factor of b and 13?
13
Let w(x) = x - 4. Let d be w(2). Let b(y) = 4*y**2 + 4*y + 3. Let s be b(d). Suppose 10*a = -158 + 488. What is the highest common factor of s and a?
11
Suppose q - 5*q + 4 = 0. What is the highest common factor of 7 and q?
1
Let a be (-14)/(-4) + (-3)/(-6). Suppose 0 = 3*v + a*i - 2*i - 46, -2*i + 22 = v. Let k be (6/4)/((-6)/(-72)). What is the highest common divisor of v and k?
6
Let t be (-230)/(-40) - (-3)/(-4). Suppose -27 = -5*b - 2*c, -b + 22 = 4*b - 3*c. Calculate the greatest common divisor of b and t.
5
Let j = -129 - -294. What is the